 - -6*25890/9.
17257
What are the prime factors of (-18)/27*(-16)/32*162258?
2, 27043
Suppose -6*q + 11126 = -27070. List the prime factors of q.
2, 3, 1061
Let j(x) = 10*x**3 - 46*x**2 + 318*x - 24. What are the prime factors of j(14)?
2, 29, 197
Let i(u) = 3*u**3 - 4*u**2 - 5*u - 7. Let s be (-6)/4 + 77/22 + 1. List the prime factors of i(s).
23
Let y = -2952 - -5667. Suppose 13*k - y = -362. List the prime factors of k.
181
Let j(c) = -137*c**3 + 30 - 4*c + 15*c**2 + 9*c**2 + 138*c**3. List the prime factors of j(-24).
2, 3, 7
Let o(r) = -r**3 - r**2 - r + 14. Let g be o(0). Let x be (-471)/11 - g/77. Let w = x + 66. List the prime factors of w.
23
Suppose 2*k = -2*d + 39 - 13, 4*d - 76 = 4*k. Let m(y) = 6*y + 5*y - y**3 + 8*y - d*y. What are the prime factors of m(-3)?
2, 3
Let k be (-10)/3*(-1311)/(-38). Let l(m) = -m**3 + 9*m**2 - 7*m - 7. Let u be l(7). Let x = u - k. List the prime factors of x.
157
Let d be 246*(2 - 42/18). List the prime factors of 2/4*(26 - d).
2, 3
Suppose 0 = 4*q + d - 35398 - 50142, -2*d + 85540 = 4*q. What are the prime factors of q?
5, 7, 13, 47
Let h(g) = -77*g**2 - 6*g + 10. Let z be h(-10). List the prime factors of z/(-20) - (-1)/2.
2, 191
Suppose 4*h = 2*h + p + 19, 5*h - 15 = -4*p. Let w = -16 + h. What are the prime factors of (-158)/6*(3 + (w - -3))?
79
Suppose -2*n = 3*n - 3*y - 28, 3*y - 44 = -4*n. Let v be ((-76)/10)/(n/(-40)). Suppose v - 118 = -4*w. List the prime factors of w.
2, 5
Let m(c) = 123*c - 28. Let y be m(6). Suppose 2*w = 3*t - 774, 4*w - y = -3*t + 64. What are the prime factors of t?
2, 3, 43
Let s be (45/6)/(10/48). List the prime factors of 15*5/(100/s).
3
Let u(a) be the third derivative of -7*a**5/60 - a**3 - 26*a**2. Let l be u(5). What are the prime factors of l/2*(11 + -4 + -9)?
181
Suppose 0 = 38*q + 8*q - 305762. List the prime factors of q.
17, 23
Suppose 237*v = 261*v - 962160. What are the prime factors of v?
2, 5, 19, 211
Let n(i) be the third derivative of -i**4/3 - 29*i**3/6 + 10*i**2 + i. Let u(l) = l**2 + 9*l - 12. Let y be u(-9). List the prime factors of n(y).
67
Suppose -2*v + 5*x + 32773 = 0, -5*v - 3*x - 17356 = -99304. What are the prime factors of v?
3, 607
Let b be ((-15)/(-12))/5*-4. Let u be (b - -3)*2 - -381. Suppose 343 + u = 8*m. What are the prime factors of m?
7, 13
Let t(k) = 2*k + 4. Let z be t(-4). List the prime factors of (-2 - 775/(-2)) + 2/z.
5, 7, 11
Let f(y) = 5*y + 27. Suppose -v + 2*q = -10, -4*v + 4*q + q = -28. Let t(d) = 3*d**3 - d**2 - 3*d + 2. Let u be t(v). What are the prime factors of f(u)?
107
Let z(o) = -83*o**3 - 9*o**2 - 110*o - 435. List the prime factors of z(-5).
5, 2053
Let j(o) = 18*o + 81. Let r(b) = 16*b + 80. Let t(w) = -3*j(w) + 4*r(w). List the prime factors of t(28).
3, 7, 17
Let h(v) = v**3 - 45*v**2 + 9*v - 475. List the prime factors of h(47).
2, 37, 59
Suppose 290*u = 57*u + 408489 + 1218317. What are the prime factors of u?
2, 3491
Let j(w) = -w**2 + w. Let n = 18 + -18. Let f be j(n). Let a = 50 + f. List the prime factors of a.
2, 5
Suppose -39*h - 40*h + 60*h + 908390 = 0. List the prime factors of h.
2, 5, 7, 683
Suppose 0*h - 10*h + 30 = 0. Suppose 3*c = 5*k - 1, k - 14 = -h*c - c. List the prime factors of k.
2
Let v(r) = -r - 8. Let t be v(0). Let o(j) = 4*j**2 - 8*j + 14. List the prime factors of o(t).
2, 167
Suppose 3*w + 6 = 0, 0*f + 4*w = f - 847. Suppose -u + 550 = u + z, f = 3*u + 5*z. List the prime factors of u.
3, 7, 13
Let c(l) = l**2 - 14*l - 23. Let j be 3/(-2)*86/3. Let w = -26 - j. What are the prime factors of c(w)?
2, 7
What are the prime factors of (-104)/(-1196) + 1087200/115?
2, 29, 163
Let a(p) = -5*p. Suppose 3*c - c + 2*t = 38, -4*c - 5*t = -72. Suppose c = -3*z - 16. List the prime factors of a(z).
5, 13
Suppose 441 + 513 = 3*v. Suppose -4*x = -2*x - 4*b - v, 3*x - 497 = -4*b. Let z = -101 + x. List the prime factors of z.
2, 31
Let x = 108 - 140. What are the prime factors of x/(-9)*(-6)/(-4)*21?
2, 7
Let q = -737 - -6097. What are the prime factors of q?
2, 5, 67
Let b = -866 + 871. Suppose 2*u = 4*u - 4, 0 = 3*j - b*u - 827. What are the prime factors of j?
3, 31
Let n = -280 + 497. Suppose 0 = n*z - 209*z - 848. List the prime factors of z.
2, 53
Suppose 0 = 2*o - c - 2, 3*o - 3*c = 0. Suppose -3*j - 5*g = -1822, 0 = -o*j - 4*g + 2*g + 1216. List the prime factors of j.
3, 7, 29
Suppose 25380 - 96475 = -59*n. List the prime factors of n.
5, 241
Suppose v + 0*h + 204 = -4*h, -4*h - 588 = 3*v. Let w = v + 1232. List the prime factors of w.
2, 5, 13
Let o = -142 - -204. Let x = o - 66. What are the prime factors of x/(-18) + (-17724)/(-189)?
2, 47
Let i = -153 - -163. Suppose i*b - 12*b + 7648 = 5*a, 4*b - 16 = 0. List the prime factors of a.
2, 191
Let m(t) = 57*t - 33. Let v = 59 + -55. Let s be m(v). Let x = s + -143. What are the prime factors of x?
2, 13
Let x(n) = 2*n - 8. Let f be x(2). Let g be (-30)/f + 8/(-16). What are the prime factors of 1894/g + 39/91?
271
Let l = 16988 - 8001. List the prime factors of l.
11, 19, 43
Let u(g) = -3*g**2 - 1. Let r be u(1). Suppose 6*t - 4*t - 2 = 0. List the prime factors of ((-9716)/(-16))/7 - t/r.
3, 29
Suppose 0 = -5*p + 4*c + 346786, -5*p - 75*c + 80*c + 346780 = 0. What are the prime factors of p?
2, 79, 439
Let w(n) = -98*n + 85912. What are the prime factors of w(0)?
2, 10739
Let v be (78/(-4))/(-3) + 18/(-36). Suppose 0 = -v*j + 666 + 1650. List the prime factors of j.
2, 193
Let l be 2*68*((-14)/(-4))/(-7). Let z = l - -249. List the prime factors of z.
181
Suppose 639*p = 667*p - 405384. List the prime factors of p.
2, 3, 19, 127
Let x be (-1310)/(-5 + (2 - -4)). What are the prime factors of 1*3 - (-6)/((-60)/x)?
2, 67
Let p(v) = -3*v**3 - 3*v**2 - v. Let x be p(-2). Suppose -3*u - 1540 = -x*u. What are the prime factors of u?
2, 5, 7
Suppose 2870 = 5*c + 2855. Let g(d) = d**2 - 5*d + 4. Let l be g(4). Suppose 4*b = -5*s - 8, c*b - 4*b + s + 7 = l. List the prime factors of b.
3
Let d(l) = -31*l - 195 + 27*l + l**3 + 25*l - 4*l**2. List the prime factors of d(7).
3, 11
Let u = -386 + 388. Suppose -b - 2*f = -839, 3*b - 2517 = -3*f + u*f. List the prime factors of b.
839
Let n(c) = 276*c**3 + 10*c**2 + 7*c - 8. What are the prime factors of n(3)?
5, 1511
Suppose 0 = -3*m + 47295 + 24894. What are the prime factors of m?
3, 13, 617
Let n(a) = -8*a - 334. Let l be n(-42). Suppose -l*r - 54467 = -33*r. List the prime factors of r.
7, 251
Let d be (0 - -11)*(1 - 0). Let h be 160/8*(-1 - 1). Let f = d - h. List the prime factors of f.
3, 17
What are the prime factors of (6 + -2)*28*(-6441)/(-152)?
2, 3, 7, 113
Suppose 5*v - 1599 = 2*t, -2*v = 8 + 2. Let z = -684 - t. What are the prime factors of z?
2
Let z(g) be the third derivative of g**7/5040 + g**6/24 + 7*g**5/30 - 22*g**2. Let m(w) be the third derivative of z(w). List the prime factors of m(7).
37
What are the prime factors of ((-3372)/10)/((-20273)/880 + 23)?
2, 281
Let m be (-286)/(-14) + 44/77. Let v be (4/5)/(m/(-105)). List the prime factors of (-66)/v*(-102)/(-9).
11, 17
Let k(z) = -7*z + 7. Let v be k(5). Suppose -1343*d + 1368*d = 100. What are the prime factors of 6 + (v/(-4) - d)?
3
Suppose 97 + 23 = 30*b. Suppose 19*r = 24*r - 3*j - 522, 4*j - b = 0. What are the prime factors of r?
3, 5, 7
Let j(z) = -19*z + 3. Let m(h) = h + 6. Suppose -t = 2*t - 2*r + 28, 3*t - 4*r + 20 = 0. Let v be m(t). What are the prime factors of j(v)?
3, 13
Suppose 4*a + 5*x = 20834, a + x = 3*x + 5215. Suppose 8*j = 4677 + a. What are the prime factors of j?
2, 3, 103
Let c(p) = 506*p**3 + 6*p**2 - 76*p + 234. What are the prime factors of c(4)?
2, 5, 7, 463
Let p = 390 - 622. Let i = -156 - p. Let d = i + 58. What are the prime factors of d?
2, 67
Let z(l) = l**3 + 14*l**2 + 3. Let k be z(-14). Suppose -k*i + 133 = -110. List the prime factors of i - (12 + -4 - 4).
7, 11
Suppose 2*q + 20 = 3390. Suppose -o - 4*b + q = 0, 2*o - 6700 = -2*o + 4*b. List the prime factors of o.
3, 13, 43
Suppose -4*l + 2*l = 4*j + 10, -4*l - 16 = 4*j. Let i be ((-2)/l + (-2)/(-15))*5. List the prime factors of 2 - 2505/(-18) - i/24.
3, 47
List the prime factors of 24325 + ((-40)/100)/((-594)/120 + 5).
24317
Let w be -2 + 7 - 0 - 0. Let i be -1*w*(-28 + 27). Suppose 300 = 5*m + i*u, 373 = 4*m - 4*u + 93